.
-31
Let n(c) = -2*c + 8. What is n(8)?
-8
Let j(f) = f - 3. Calculate j(-2).
-5
Let f(i) = -6*i + 10. Calculate f(-3).
28
Let r(l) = -3*l + 49. Calculate r(-6).
67
Let g(h) = h**3 + 10*h**2 - 9*h + 21. Calculate g(-11).
-1
Let q(c) = -c**3 - c**2 - 3*c + 18. Calculate q(0).
18
Let m(l) = 4*l**3 - 2*l**2 - 5*l - 4. Give m(-1).
-5
Let l(u) = 63*u - 381. What is l(6)?
-3
Let i(d) = 2*d**2 + 17*d + 30. What is i(-5)?
-5
Let d(w) = w**3 + 24*w**2 - 3*w - 55. Give d(-24).
17
Let u(v) = 48*v + 45. Determine u(-1).
-3
Let v(w) = -w**3 - 2*w - 2. What is v(0)?
-2
Let g(s) = -s**3 + 22*s**2 + 20*s - 19. What is g(23)?
-88
Let d(c) = -c**3 + 10*c**2 + 13*c - 3. Calculate d(11).
19
Let w(u) = u**3 + 11*u**2 + 2*u - 22. Calculate w(-11).
-44
Let i(q) = 6*q**3. Calculate i(1).
6
Let p(j) = j**3 - 3*j**2 - 2*j + 2. Calculate p(4).
10
Let u(k) = k**3 + 5*k**2 + 6*k + 2. What is u(-4)?
-6
Let t(f) = -f**3 - 13*f**2 - 8*f - 6. What is t(-12)?
-54
Let a(o) = 36*o + 36. Determine a(-1).
0
Let q(y) = y**3 + 5*y**2 + 3*y. Give q(-4).
4
Let n(b) = -b**2 - 12*b + 17. Give n(-13).
4
Let v(h) = h**2 + 3*h + 1. Calculate v(-4).
5
Let w(a) = 9*a**3. Calculate w(-1).
-9
Let p(n) = 2*n - 53. What is p(16)?
-21
Let t(c) = 3*c**3 + 8*c**2 - 16*c + 3. Determine t(2).
27
Let z(i) = -i - 4. Give z(3).
-7
Let a(y) = -y**3 - 19*y**2 + 19*y - 13. Give a(-20).
7
Let o(n) = -n + 54. Determine o(32).
22
Let a(y) = y**2 + 3*y - 57. Calculate a(5).
-17
Let a(q) = q**3 + 12*q**2 + 6*q + 8. What is a(-8)?
216
Let y(a) = a**2 - 7*a - 10. Determine y(8).
-2
Let b(v) = -v - 22. Calculate b(0).
-22
Let h(a) = -a + 13. What is h(25)?
-12
Let b(w) = 5*w + 48. Determine b(-10).
-2
Let d(w) = w**2 - 18*w + 44. Calculate d(15).
-1
Let f(h) = -h**3 + 21*h**2 + h - 25. Determine f(21).
-4
Let i(g) = -2*g - 9. Determine i(-9).
9
Let o(c) = -3*c**2 + c - 2. What is o(1)?
-4
Let c(f) = -49*f**2 - 11*f + 10. Give c(1).
-50
Let v(i) = 2*i + 31. Calculate v(-3).
25
Let q(h) = -h**2 + 10*h - 23. Calculate q(8).
-7
Let k(o) = -6*o**2 + o + 2. Calculate k(-1).
-5
Let v(o) = -148*o - 888. Calculate v(-6).
0
Let q(u) = 15*u**3 - u. Calculate q(1).
14
Let i(r) = r**3 - 7*r**2 + 2*r - 12. Give i(7).
2
Let j(r) = -r + 29. Give j(18).
11
Let g(b) = 3*b - 15. What is g(-23)?
-84
Let o(i) = -2*i**2 - 27*i - 69. Give o(-4).
7
Let i(r) = r - 3. Calculate i(-3).
-6
Let y(u) = 24*u - 8. What is y(-2)?
-56
Let f(v) = v**2 + 25*v - 23. Give f(-25).
-23
Let z(v) = -v**3 - 8*v**2 - 13*v - 18. Give z(-8).
86
Let n(v) = v**2 + 42*v + 276. Calculate n(-8).
4
Let g(o) = 3*o**2 + o - 38. Calculate g(4).
14
Let o(x) = -42*x + 17. What is o(1)?
-25
Let h(w) = -w**3 + 33*w**2 - 34*w + 68. Determine h(32).
4
Let c(n) = 2*n**2 + 64*n - 80. Give c(-33).
-14
Let s(w) = 3*w + 29. What is s(-10)?
-1
Let r(c) = c**2 + 15*c + 38. Calculate r(-12).
2
Let n(y) = 9*y + 42. Give n(-4).
6
Let u(a) = 3*a**3 + 71*a**2 - 23*a - 9. What is u(-24)?
-33
Let y(b) = -13*b + 34. What is y(11)?
-109
Let i(b) = b**2 - 10*b - 13. Give i(8).
-29
Let m(o) = o**2 - 10*o + 7. Calculate m(8).
-9
Let r(u) = u**3 + 2*u**2 + 4*u. Calculate r(-2).
-8
Let n(v) = v**2 + 2*v + 5. What is n(-4)?
13
Let w(v) = v + 5. Determine w(-10).
-5
Let n(a) = 2*a**3 + 21*a**2 + 10*a - 4. Determine n(-10).
-4
Let d(t) = t**2 + 18. Give d(-7).
67
Let b(d) = d**3 - 5*d**2 + 2*d - 2. Determine b(5).
8
Let u(i) = i**3 - 35*i**2 - 39*i + 102. Give u(36).
-6
Let u(d) = -d + 6. Determine u(14).
-8
Let k(y) = -y + 1. Determine k(1).
0
Let t(y) = -y**3 + 4*y**2 - 2*y - 5. Calculate t(3).
-2
Let b(a) = a**3 + 8*a**2 + 3*a - 3. Give b(-8).
-27
Let h(p) = -9*p + 4. Determine h(-1).
13
Let g(l) = 2*l**2 - 11*l - 2. Determine g(5).
-7
Let c(z) = -z**3 - 23*z**2 + 6*z + 132. What is c(-23)?
-6
Let w(z) = z**2 + 16*z + 15. Determine w(-6).
-45
Let u(c) = -c**2 + 7*c - 22. What is u(7)?
-22
Let s(j) = -15*j + 72. Determine s(7).
-33
Let a(b) = -12*b + 3. Give a(5).
-57
Let v(u) = -u**2 - 18*u + 23. Give v(-20).
-17
Let x(d) = -d**3 + 8*d**2 + 3*d - 1. What is x(5)?
89
Let z(a) = a**2 - 14*a - 33. Give z(16).
-1
Let u(v) = -2*v + 1. Give u(-1).
3
Let d(t) = -2*t**2 - t. What is d(1)?
-3
Let k(l) = 13*l**3 + 105*l**2 + 8*l + 3. Determine k(-8).
3
Let g(d) = 2*d**2 - 3*d - 15. What is g(5)?
20
Let b(r) = 16*r**3 - r**2 - r + 1. Calculate b(-2).
-129
Let q(x) = -x**2 - 5*x + 6. Calculate q(-4).
10
Let p(y) = -18*y + 228. Give p(13).
-6
Let r(y) = -2*y**3 - 31*y**2 - 14*y + 30. Give r(-15).
15
Let m(r) = 9*r + 2. Calculate m(-6).
-52
Let d(l) = l**2 - 36*l + 254. Calculate d(10).
-6
Let c(f) = 3*f**2 + 16*f + 15. Give c(-7).
50
Let f(l) = l**2 + 13*l + 33. Give f(-14).
47
Let s(q) = q + 24. Determine s(-10).
14
Let r(u) = u**2 - 13*u + 21. Calculate r(4).
-15
Let f(d) = 4*d - 75. Calculate f(22).
13
Let l(c) = 3*c + 16. Determine l(5).
31
Let h(w) = w - 28. Determine h(-5).
-33
Let f(t) = 17*t + 14. Give f(-4).
-54
Let k(b) = 21*b + 7. What is k(2)?
49
Let g(z) = -z**3 - 7*z**2 + 2*z + 17. Determine g(-5).
-43
Let z(q) = -6*q - 4. Give z(-2).
8
Let w(m) = -3*m**2 - 16*m - 39. Calculate w(-3).
-18
Let p(o) = o**3 - 9*o**2 + 20*o - 4. Determine p(6).
8
Let n(r) = 2*r**2 + 6*r + 17. What is n(-3)?
17
Let y(w) = w**3 + 6*w**2 + 10*w + 2. Calculate y(-4).
-6
Let c(n) = 5*n**2 - 143*n + 89. Calculate c(28).
5
Let y(d) = -9*d**2 + 3*d + 3. What is y(-2)?
-39
Let u(v) = 3*v**2 - 8*v - 38. What is u(5)?
-3
Let f(t) = -t**3 - 15*t**2 - 9*t + 20. Determine f(-14).
-50
Let n(v) = 16*v - 911. What is n(57)?
1
Let h(j) = j**3 - 4*j**2 + j + 3. Give h(-3).
-63
Let k(a) = -a**2 + 4*a - 1. What is k(4)?
-1
Let j(h) = 3*h - 12. Calculate j(3).
-3
Let j(w) = w**3 - 9*w**2 + 19*w - 15. Determine j(6).
-9
Let f(a) = -a**3 + 6*a**2 - 5*a - 3. Calculate f(4).
9
Let k(y) = -y**3 + 16*y**2 - 15*y + 11. Calculate k(15).
11
Let n(f) = 7*f + 6. Determine n(2).
20
Let u(o) = -o**3 - 8*o**2 - 5*o + 6. Determine u(-7).
-8
Let c(m) = -m**3 - 3*m. Calculate c(-3).
36
Let c(p) = -p**3 - 13*p**2 + 3. Calculate c(-13).
3
Let p(y) = 43*y + 16. What is p(2)?
102
Let d(y) = y**3 - 8*y**2 - 18*y + 12. Determine d(10).
32
Let l(b) = -4*b**2 + 5*b - 4. Calculate l(2).
-10
Let a(h) = -h**2 + h - 20. Calculate a(0).
-20
Let a(z) = -z**2 - 4*z + 3. What is a(-4)?
3
Let h(g) = 3*g**2 - 8*g - 22. What is h(-2)?
6
Let u(k) = 3*k**2 + 15*k - 40. Determine u(-7).
2
Let i(d) = 67*d - 68. Give i(1).
-1
Let c(k) = -3*k**2 - 3*k + 2. Calculate c(1).
-4
Let j(c) = -c + 4. Calculate j(-11).
15
Let d(w) = -w**3 - 3*w**2 - 51*w - 220. Determine d(-4).
0
Let r(z) = -48*z**3 - z. What is r(-1)?
49
Let v(z) = -z**2 - 23*z - 106. Calculate v(-18).
-16
Let i(h) = -h**2 - 5. Calculate i(6).
-41
Let t(n) = 2*n**2 + 3*n - 6. Give t(-5).
29
Let k(q) = q**3 + 20*q**2 + 32*q - 78. Calculate k(-18).
-6
Let o(f) = -f**3 + 27*f**2 - 40. Determine o(27).
-40
Let o(m) = m**3 - 5*m**2 + 9*m - 8. Determine o(5).
37
Let i(n) = -n**3 - 10*n**2 + 8*n - 9. Determine i(-11).
24
Let j(k) = k**2 - 8*k + 22. Determine j(5).
7
Let x(v) = 7*v**2 - v - 2. Determine x(-2).
28
Let w(d) = 2*d - 4. What is w(3)?
2
Let z(s) = s**2 + 23*s + 41. Determine z(-22).
19
Let d(i) = -2*i - 32. Calculate d(-17).
2
Let s(a) = 4*a + 25. What is s(-8)?
-7
Let o(q) = -q**3 + 11*q**2 - 10*q - 6. Give o(10).
-6
Let b(y) = -y**2 + 14*y - 11. Give b(14).
-11
Let j(c) = 16*c + 221. Give j(-14).
-3
Let f(p) = 2*p**2 + 28*p + 90. Calculate f(-10).
10
Let o(c) = -c**3 - 5*c**2 - c. Calculate o(-3).
-15
Let w(l) = -l**3 + 2*l**2 + 4*l + 7. Determine w(-3).
40
Let d(k) = -k**3 - 24*k**2 - 105*k + 49. Calculate d(-18).
-5
Let b(w) = -w**2 - 11*w + 17. Determine b(-12).
5
Let v(c) = -c**2 + 9*c - 2. Give v(8).
6
Let o(h) = -h**3 - 17*h**2 + 17*h - 12. What is o(-18)?
6
Let i(a) = -a**3 + 5*a**2 - 3*a + 3. Give i(5).
-12
Let b(i) = -17*i + 5. Calculate b(1).
-12
Let p(r) = -r**3 - 6*r**2 - 6*r - 8. What is p(-5)?
-3
Let i(j) = -j + 6. Determine i(11).
-5
Let n(r) = -3*r**3 - 18*r**2 + 12*r + 72. Calculate n(-6).
0
Let x(k) = 18*k + 1. What is x(1)?
19
Let p(m) = -m**3 + 3*m**2 - 2*m. Give p(2).
0
Let w(x) = -x**2 - 26*x + 33. What is w(-27)?
6
Let o(n) = 18*n + 9. What is o(-1)?
-9
Let d(g) = -18*g - 2. Calculate d(2).
-38
Let y(z) = -z**2 - 15*z + 70. Give y(4).
-6
Let y(i) = -i**3 - 16*i**2 - 13*i + 21. Calcu